99030?
9
What is the hundred thousands digit of 271052081?
0
What is the hundred thousands digit of 408949137?
9
What is the thousands digit of 84953929?
3
What is the thousands digit of 121273276?
3
What is the hundreds digit of 224476774?
7
What is the millions digit of 1833756107?
3
What is the hundreds digit of 2181174891?
8
What is the units digit of 21785030?
0
What is the ten thousands digit of 1467489861?
8
What is the thousands digit of 849872657?
2
What is the hundred thousands digit of 4310024078?
0
What is the hundred thousands digit of 8116931806?
9
What is the hundred thousands digit of 568034767?
0
What is the ten millions digit of 17174886?
1
What is the ten thousands digit of 1025909389?
0
What is the thousands digit of 76946430?
6
What is the units digit of 123637675?
5
What is the thousands digit of 4263839715?
9
What is the thousands digit of 514548444?
8
What is the thousands digit of 374310644?
0
What is the ten millions digit of 96031194?
9
What is the hundred thousands digit of 10786163?
7
What is the hundreds digit of 1775235006?
0
What is the units digit of 1010983513?
3
What is the units digit of 166618061?
1
What is the thousands digit of 98361809?
1
What is the ten millions digit of 11295977?
1
What is the ten thousands digit of 29111980?
1
What is the hundreds digit of 2972653?
6
What is the ten millions digit of 5499439686?
9
What is the hundreds digit of 353511720?
7
What is the hundred thousands digit of 176075928?
0
What is the units digit of 150946919?
9
What is the tens digit of 2915296502?
0
What is the tens digit of 60141753?
5
What is the hundred thousands digit of 736573957?
5
What is the hundred thousands digit of 1211398999?
3
What is the units digit of 523381541?
1
What is the ten millions digit of 1081698128?
8
What is the thousands digit of 1557707066?
7
What is the thousands digit of 47271505?
1
What is the tens digit of 77462588?
8
What is the thousands digit of 247280561?
0
What is the units digit of 23543791?
1
What is the thousands digit of 3122407670?
7
What is the hundreds digit of 5587240575?
5
What is the thousands digit of 57745314?
5
What is the hundred thousands digit of 797802776?
8
What is the tens digit of 1882392?
9
What is the tens digit of 954084224?
2
What is the hundred thousands digit of 229293841?
2
What is the tens digit of 653554719?
1
What is the ten thousands digit of 235254249?
5
What is the hundred thousands digit of 449189096?
1
What is the hundreds digit of 12757204?
2
What is the hundred thousands digit of 37736852?
7
What is the ten millions digit of 71465987?
7
What is the hundred thousands digit of 45165424?
1
What is the units digit of 273804?
4
What is the hundred millions digit of 484959386?
4
What is the millions digit of 22554908?
2
What is the tens digit of 124411893?
9
What is the hundreds digit of 71386859?
8
What is the thousands digit of 232302787?
2
What is the tens digit of 5227982?
8
What is the units digit of 300006173?
3
What is the hundred millions digit of 100534644?
1
What is the tens digit of 612971610?
1
What is the hundred millions digit of 195856322?
1
What is the units digit of 38324542?
2
What is the hundred thousands digit of 84251894?
2
What is the units digit of 5915796085?
5
What is the hundred millions digit of 491706045?
4
What is the millions digit of 7245192572?
5
What is the ten thousands digit of 1909680651?
8
What is the hundreds digit of 206310909?
9
What is the tens digit of 23098388?
8
What is the tens digit of 100919296?
9
What is the tens digit of 841081039?
3
What is the hundred thousands digit of 3104147615?
1
What is the millions digit of 2190692567?
0
What is the hundred thousands digit of 7635217988?
2
What is the thousands digit of 866999482?
9
What is the millions digit of 87597372?
7
What is the hundred millions digit of 2586652346?
5
What is the thousands digit of 87558839?
8
What is the millions digit of 328847919?
8
What is the units digit of 3739839230?
0
What is the units digit of 692828262?
2
What is the ten thousands digit of 29261318?
6
What is the hundreds digit of 12630393?
3
What is the tens digit of 22125479?
7
What is the millions digit of 149262734?
9
What is the thousands digit of 23425139?
5
What is the hundred millions digit of 6452440622?
4
What is the thousands digit of 215374847?
4
What is the ten millions digit of 40730502?
4
What is the hundred thousands digit of 40838465?
8
What is the billions digit of 5809981469?
5
What is the thousands digit of 867222584?
2
What is the hundred millions digit of 508158849?
5
What is the tens digit of 280785833?
3
What is the units digit of 468566966?
6
What is the hundreds digit of 56083081?
0
What is the thousands digit of 161409360?
9
What is the thousands digit of 304106899?
6
What is the ten millions digit of 379869562?
7
What is the tens digit of 110604398?
9
What is the hundred millions digit of 132939598?
1
What is the thousands digit of 395572052?
2
What is the units digit of 37937403?
3
What is the hundreds digit of 38896717?
7
What is the units digit of 542003494?
4
What is the thousands digit of 2320439542?
9
What is the hundred thousands digit of 154692523?
6
What is the tens digit of 18923684?
8
What is the ten millions digit of 300479771?
0
What is the hundred thousands digit of 7797282126?
2
What is the hundred millions digit of 1704170660?
7
What is the tens digit of 493340374?
7
What is the tens digit of 779626729?
2
What is the billions digit of 2529740090?
2
What is the units digit of 109096325?
5
What is the thousands digit of 1684521493?
1
What is the ten millions digit of 20470013?
2
What is the hundreds digit of 509536134?
1
What is the thousands digit of 10445813?
5
What is the hundreds digit of 838314016?
0
What is the hundreds digit of 103856825?
8
What is the millions digit of 131792221?
1
What is the ten millions digit of 2052287113?
5
What is the units digit of 998076069?
9
What is the ten millions digit of 4948092527?
4
What is the hundred thousands digit of 162739324?
7
What is the hundred millions digit of 412044632?
4
What is the millions digit of 65861218?
5
What is the ten millions digit of 49931043?
4
What is the millions digit of 1562650699?
2
What is the tens digit of 394431171?
7
What is the units digit of 366141198?
8
What is the thousands digit of 978548029?
8
What is the hundred thousands digit of 1175041259?
0
What is the billions digit of 2428040881?
2
What is the ten millions digit of 261936063?
6
What is the units digit of 1111084282?
2
What is the thousands digit of 12206917?
6
What is the ten thousands digit of 16158103?
5
What is the thousands digit of 15954711?
4
What is the ten thousands digit of 159510018?
1
What is the hundred millions digit of 3140891175?
1
What is the millions digit of 1369683736?
9
What is the units digit of 11028664?
4
What is the hundred thousands digit of 1572542872?
5
What is the ten thousands digit of 53118875?
1
What is the tens digit of 449512913?
1
What is the ten thousands digit of 861134540?
3
What is the tens digit of 1183262?
6
What is the hundreds digit of 527849880?
8
What is the ten millions digit of 38906541?
3
What is the ten millions digit of 45794240?
4
What is the ten thousands digit of 5348926427?
2
What is the thousands digit of 2224562581?
2
What is the ten thousands digit of 1389746288?
4
What is the hundred millions digit of 134120756?
1
What is the thousands digit of 148419063?
9
What is the tens digit of 76795580?
8
What is the thousands digit of 308823226?
3
What is the millions digit of 232079355?
2
What is the units digit of 1012159132?
2
What is the hundreds digit of 3938516649?
6
What is the ten thousands digit of 551202753?
0
What is the hundreds digit of 788441174?
1
What is the ten thousands digit of 79335231?
3
What is the tens digit of 175858198?
9
What is the hundred thousands digit of 455024098?
0
What is the hundred thousands digit of 15048070?
0
What is the units digit of 3378395011?
1
What is the thousands digit of 159215611?
5
What is the billions digit of 1744180205?
1
What is the ten thousands digit of 468407890?
0
What is the hundred millions digit of 1676999512?
6
What is the hundred millions digit of 2315585762?
3
What is the hundred tho